*p - 3. Give r(-6).
-4
Let k(v) = -v**2 - v**2 - 6 - 3 + v**2 + 7*v. What is k(6)?
-3
Let v be 1/(-1) - (1 - -5). Let y = 11 + v. Let g(m) = -m + 1. Give g(y).
-3
Suppose 0 = 3*o + 5*a - 12, 0 = 4*o - a + 2 - 18. Suppose -w = -o*w + 6. Let y(f) = 2*f - f**3 - 9 - 1 - 3*f**2 + 2*f**2 + 8. Calculate y(w).
-10
Let f = 137 - 139. Let p(b) = -b**2 + 2. Give p(f).
-2
Let d(i) be the first derivative of -i**3/3 + 5*i**2/2 - 2*i + 1. Let v(a) = -3*a - 16. Let c be v(-7). What is d(c)?
-2
Suppose -n - 1 = 5*q, 3*q - 8*q = 0. Let j(c) be the third derivative of -c**4/8 + c**3/6 - 23*c**2. Calculate j(n).
4
Let g(x) be the third derivative of -7*x**5/60 + x**4/24 - 6*x**2. Let h(y) = -y**2 - 3*y. Let t be h(-3). Suppose -4*p - p + 5 = t. Determine g(p).
-6
Let v(f) = 3*f + 5 - 3 + 0. Suppose -7 = -5*r + 3. What is v(r)?
8
Let z(x) = 3*x**3 + 2*x**2 + 6*x. Let p(s) = -s**3 - s**2 - s. Let y(d) = -4*p(d) - z(d). Suppose 2*m = -2*m - 12. Calculate y(m).
-3
Let k(b) = -b**2 + 2*b + 1. Let v = -23 - -25. Give k(v).
1
Let w(r) be the second derivative of 2/3*r**3 - 5*r + 0 - r**2. Calculate w(2).
6
Let f = 19 - 13. Let z = -3 - -5. Let k(l) = -3*l - 4*l + f - 4*l**3 + 6*l**z + 3*l**3. What is k(5)?
-4
Let z(h) = 6*h + 4. Let i(c) = -c**2 + 4*c + 4. Let w be i(5). Let r(x) = -x - 1. Let n(s) = w*z(s) - 5*r(s). Give n(1).
0
Let k(g) = 45*g + 13. Let o(b) = -24*b - 7. Let l(a) = -6*k(a) - 11*o(a). Let n(t) = -4*t + 1. Let d be n(1). Let q = d + 1. Give l(q).
11
Suppose -5*p = x + 39, 2*p - 5*x - 1 = -22. Let s(u) = u**2 + 8*u + 3. What is s(p)?
3
Let g be (-6)/15 - 8/5. Let s = g - -5. Let p(v) = -3*v + 4. Let x(n) = 3*n - 3. Let w(i) = -2*p(i) - 3*x(i). Determine w(s).
-8
Suppose t - 3*v - 2 = -9, -4*v + 6 = -2*t. Suppose -3*u - t*l = -26, -22 = 4*u - 5*u - 5*l. Let p(n) = -n + 0*n**2 + 6*n - 2*n**u - 2*n. Calculate p(2).
-2
Let s(f) = 2*f - 2. Let a(q) be the second derivative of 0 - 2*q**2 - q + 1/6*q**3. Let l be a(7). Determine s(l).
4
Let d be (4/2)/2 + 1. Let q(m) = m**2 + 2 - 7 + d. Calculate q(0).
-3
Let m(p) = -p**2 - 4*p - 1. Suppose 8 = 2*v + 6. Let x = -6 + v. Give m(x).
-6
Let a(y) = -y**2 + y - 4. Let f = -19 - -19. Give a(f).
-4
Let l be (-2)/(-12) + 57/(-18). Let n(q) = -1 - 4*q + 3*q**2 + 6*q - 2*q**2. Determine n(l).
2
Let k be (-1 - (-1 + 5))/(-1). Let g(x) = -4*x + 8. Let i(v) = -v. Let w(r) = -g(r) + 3*i(r). Determine w(k).
-3
Let n(c) = -2*c - 8. Suppose 0*h = -5*h + 25. Suppose -17 - 7 = h*v - 3*s, 0 = -3*v + 4*s - 10. Determine n(v).
4
Let r(c) be the third derivative of c**4/12 - c**3/2 + 2*c**2 + c. What is r(-3)?
-9
Let l(z) = -8*z - z + 2*z + 1. What is l(1)?
-6
Let u(z) = -9*z - 1. Let v be -2 + (4 - (1 - -1)). Suppose 3*p + 0*p = v. Suppose c + 0*c + 1 = p. Calculate u(c).
8
Let h(x) = -2*x**3 + 9*x**2 - 6*x**2 - 6*x + 6 + 3*x**3. Calculate h(-5).
-14
Let q = -25 + 28. Suppose o + 21 = -5*v, -5*o = -v + q*v + 13. Let p(d) = d + 1. Calculate p(v).
-3
Let t(b) be the first derivative of b**4/4 + 7*b**3/3 + 9*b**2/2 + 7*b - 18. Determine t(-6).
-11
Let a(h) = h**2 - 4*h - 6. Let k be (-12)/(-7)*14/4. Give a(k).
6
Suppose 4*b = 2*b + 20. Let v(w) = -w + 8. Let o be v(b). Let x(y) = y**2 + 5*y. Let s(l) = -l**2 - 5*l + 1. Let i(t) = o*s(t) - 3*x(t). What is i(-4)?
2
Let p(c) be the first derivative of 5/2*c**2 + 1/3*c**3 + 5 + 6*c. What is p(-4)?
2
Let x(q) = -q**3 - 3*q**2 - q + 1. Let y(j) = -j - 5. Let d be y(-3). Determine x(d).
-1
Let j = 27 + -34. Let m(c) = -c**2 - 7*c. Calculate m(j).
0
Let w(n) = -4*n**3 - 3*n**2 - 3*n - 7. Let b(v) = -5*v**3 - 3*v**2 - 3*v - 8. Let d(c) = -5*b(c) + 6*w(c). Determine d(3).
-11
Let o(p) be the second derivative of 8*p + 0 - 1/6*p**3 + 9/2*p**2. Let m = 5 + -1. What is o(m)?
5
Let x(k) = k**3 - 4*k**2 - 2*k + 1. Let v(s) = -2*s + 1. Let d be v(1). Let l = d - -3. Let b be (l - -4) + 0 + -2. What is x(b)?
-7
Suppose 4*p - 8 = -0*p. Let m(t) = -t. Let z(k) = 3*k**2 - 8*k + 2. Let n(g) = 5*m(g) - z(g). What is n(p)?
-8
Let s = -69 - -68. Let a(z) = 6*z**3 + 2*z + 1. Determine a(s).
-7
Let s(v) = -v + 16. Let t(o) = -5. Let i(b) = -2*s(b) - 7*t(b). Let u(g) = 2*g + 4. Let y be 110/(-25) - (-9)/(-15). Let d(m) = y*i(m) + 4*u(m). Give d(-2).
5
Let h(s) = s**2 + 9*s + 1. Let r(a) = a**2 + 8*a - 17. Let f be r(-9). What is h(f)?
-7
Let s be 82/12 + 1/6. Let p(a) = -s*a - 3*a**2 - 7 - 2*a**2 + 4*a**2. Give p(-6).
-1
Let w(s) be the third derivative of s**5/60 - s**4/6 + s**3/6 - 2*s**2. What is w(4)?
1
Let q(f) = -f**3 + 8*f**2 - 6*f + 3. Let z(j) = -j**2 - 16*j + 7. Let y be z(-16). What is q(y)?
10
Let g(a) = a**3 + 6*a**2 - 7*a + 5. Let j be g(-7). Suppose 5*t - 4*c - 26 = 0, -c + 16 = -j*c. Let v(n) = n**3 + n + 2. Give v(t).
12
Suppose 27 = 4*i - 3*q, 0*i + 11 = -3*i - 4*q. Let b(m) be the first derivative of -2 - 1/3*m**i + 3*m + 2*m**2. What is b(3)?
6
Suppose -51 = 4*g + 2*o + 3, 3 = -3*o. Let b = g - -10. Let m = b - -4. Let n(p) = -4*p**2 + p. What is n(m)?
-3
Let z(w) = w**3 - 7*w**2 + 6*w - 5. Let r(m) = -2*m**3 - 9*m**2 + 4*m - 4. Let u be r(-5). Suppose 0 = 3*k + 2*x - 24, -4*k + x + 22 - u = 0. What is z(k)?
-5
Let q(f) = f**2 + 4*f + 3. Let m be q(-4). Suppose m*w = 16 - 4. Let d(n) = -n - w + 6*n - 3*n. Give d(5).
6
Let h(p) = -p - 2. Let i be h(5). Let v(y) be the third derivative of -y**4/24 - 7*y**3/6 - 41*y**2. Determine v(i).
0
Let l(m) = -6*m. Let z(b) = b**2 - 2*b + 2. Let c be z(0). Determine l(c).
-12
Let d(i) = i**2 + 6*i - 8. Suppose 4*l - m + 7 + 19 = 0, 3*m - 36 = 5*l. Give d(l).
-8
Let t(o) be the second derivative of -o**3/3 + o**2/2 + 5*o. Determine t(-5).
11
Let y(w) = -w**2 - 3*w + 2. Let m be y(-3). Let a(s) = -s. Let j(c) = 2*c + 2. Let b be j(-2). Let h(u) = -u**2 - 3. Let z(k) = b*a(k) + h(k). Give z(m).
-3
Let y(a) = -3*a**2 - 5*a - 3. Let p(o) = 7*o**2 + 10*o + 7. Let d(v) = 2*p(v) + 5*y(v). Calculate d(-6).
-7
Let q = -123 + 130. Let l(h) = -2 + 2*h - 5 + 0. Calculate l(q).
7
Let d(t) = -2*t**3 + t**2 - 1. Let j(q) = -3*q**3 + 2*q**2 - q - 1. Let x(o) = 5*d(o) - 3*j(o). Determine x(-3).
7
Let a(g) = -1 + 0*g**3 - g**3 - 28*g**2 + 21*g**2 + 7*g. Give a(-8).
7
Let y(b) = -b - 7. Let l(k) = -k**3 - 5*k**2 + 7*k + 9. Let x be l(-6). Suppose -x*w + 14 = -1. Give y(w).
-12
Let b(s) = -s - 6. Let n = 61 - 67. Determine b(n).
0
Let y(f) be the second derivative of 5/12*f**4 + 0 + 1/20*f**5 - f**2 + 1/2*f**3 + 5*f. Determine y(-4).
2
Let h(p) = -3 + 2*p - 10*p + p. Give h(-3).
18
Let h(m) = 5*m - 1. Let p = 11 - 6. Let q = p - 4. What is h(q)?
4
Let v(u) = -u**2 - 5*u + 3. Let k(d) = -d + 6. Let f be (4 - 3) + (-6)/(-1). Let r be k(f). Let q = r - 3. What is v(q)?
7
Let j(f) = f**3 + 4*f**2 - 7*f - 1. Let c be j(-5). Suppose 0 = -3*q - 3*r - c, 5*q + r - 6 + 1 = 0. Let s(a) = -a**3 + 3*a - 1. Calculate s(q).
-3
Let o(m) = -m**3 - 3*m**2 + 6*m + 6. Let b be o(-4). Let t(r) = 8*r - 1. Give t(b).
-17
Let l(i) be the first derivative of i - 2. Let a(g) = -7*g + 21. Let t(o) = -a(o) + 21*l(o). Let f = -3 + 2. Determine t(f).
-7
Let x(b) = -3*b**3 + b**2 - 5*b + 7. Let t(j) = -4*j**3 + j**2 - 6*j + 8. Let a(p) = -5*t(p) + 6*x(p). What is a(-2)?
-10
Suppose 2*j - 141 = -131. Let q(x) = x**2 - 3*x - 5. Calculate q(j).
5
Let u(n) = -n**3 - 4*n**2 - n - 2. Let h be u(-4). Let j(b) = -6 + b**h + 4 + b + 2*b + 6. Let s be -1*(0 + -1)*-3. Determine j(s).
4
Let d be (32/(-20))/((-4)/30). Let w = -9 + d. Let g(j) = -4*j + 4*j**2 + 0*j - 3*j**2. Calculate g(w).
-3
Let w(q) = q**3 + q**2 - 3*q + 2. Suppose 90 = -10*d + 5*d - 5*t, 5*d = 3*t - 50. Let k = -8 - d. Suppose -4*s = 20, -2*s + k = 5*o - s. Determine w(o).
8
Let i(s) = 3*s - 3. Suppose 4*r - 3*h = 5, -r - 1 + 8 = 5*h. What is i(r)?
3
Let z(r) = -4 - 5 + 0*r**2 + r**2 - 5*r. Calculate z(7).
5
Let c = 3 + 0. Let r(w) = 2*w**2 - 4*w - 3. Let j(p) = 2*p**2 - 4*p - 2. Let g(s) = 5*j(s) - 4*r(s). Determine g(c).
8
Let h(j) = 5*j**3 - j**2 - j + 1. Let z be h(1). Let m(p) = p + 1 + z*p**3 - 6*p**3 - p**2 + 3*p**3 - 3*p**3. Give m(-1).
1
Let m be 1/(-2)*(-9 - -1). Let a(d) = 4*d + m + 2*d + 0*d**2 + d**2. Let i(t) = -t**3 + 4*t**2 - 2*t + 3. Let u be i(4). Determine a(u).
-1
Let x(j) = -4*j + 5. Let q(a) = -7*a + 11. Let m(z) = 3*q(z) - 7*x(z). Let o(p) = p + 2*p + 0*p - 2 + 1. Let r(t) = 4*m(t) - 9*o(t). Give r(-4).
-3
Let m be (-5)/